(p) = -p**3 + 7*p**2 - p + 9. Let v be j(7). What is y(v)?
-5
Let g(h) = -h + 2. Let s(p) = -p + 4. Let o(a) = -9*g(a) + 4*s(a). What is o(2)?
8
Let c = -2 + -2. Let y(u) be the first derivative of -u**4/4 - 4*u**3/3 - u**2 - 1. Determine y(c).
8
Let u(n) = -n**2 - n + 7. Let m(d) = d**2 + 2. Let v be m(2). Let k be 8/v*(-12)/(-8). Suppose 0 = 3*y + i - 2, k*y + 3*i + 4 = 10. Give u(y).
7
Let q(g) = g**2 - 26. Suppose 0 = -20*a + 25*a. Give q(a).
-26
Let k(s) be the first derivative of -s**4/6 + s**3/6 - s**2 - 4*s + 2. Let q(x) be the first derivative of k(x). Determine q(2).
-8
Let j(s) = s**2 + 4*s - 11. Let f(x) = -1. Let q(h) = -3*f(h) + j(h). Let v(d) = -d**2 + 2*d + 2. Let u be v(4). Determine q(u).
4
Let z be 9/(-18)*1*12. Let q(b) = -b**3 - 7*b**2 - 7*b - 9. Give q(z).
-3
Let f be 5/(-2) - 2/4. Let x(u) = -4*u + 3. Calculate x(f).
15
Suppose 6 - 2 = 4*v. Let g(j) = 1. Let f(u) = -u**3 + 5*u**2 - 7. Let o(q) = v*f(q) + 2*g(q). Suppose 0 = -4*w + 4*z, 0 = -w - 4*w + z + 20. Give o(w).
-5
Let k(d) = d - 1. Suppose 3*w - 31 = -1. Suppose 4*z + 5*m = -z + w, z - m = 6. Suppose 4*q - q - 23 = -4*l, 0 = -z*q + l - 1. What is k(q)?
0
Let m(v) = v**2 - 2*v. Let r be 0/1*(-3)/(-12). Let s = r + 3. What is m(s)?
3
Let y(f) = -f**3 + 4*f. Let j(o) = -3*o**3 - o**2 + 13*o + 1. Let k(d) = -2*j(d) + 7*y(d). Let s(g) = g - 7. Let z be s(9). Give k(z).
2
Let s(n) = 5*n**2 + 3 - n**2 - 3*n**2 - 5*n. Suppose -13 = -4*c + 5*z + 11, -4*z = 0. Calculate s(c).
9
Let f(l) = 2*l**2 - l - l**3 + 2*l**3 - 3*l**2 + 2 + 2*l. What is f(3)?
23
Let a(k) = -26*k**2 + 11*k + 17. Let f(s) = 9*s**2 - 4*s - 6. Let b(j) = -6*a(j) - 17*f(j). Calculate b(-2).
8
Let m = 22 + -20. Let a(g) = g + 7*g**3 + 4*g**m - 8*g - 3 + 0*g - 6*g**3. Determine a(-5).
7
Let b(y) = -y**3 - 3*y**2 + 10*y + 8. Let o(u) = u + 1. Let d(m) = b(m) - 3*o(m). Let l = -12 - -8. Calculate d(l).
-7
Let p be 2/6 + (-2)/6. Let r be 4/((-16)/12) - p. Let n(i) = -i**2 - 3*i - 1. Calculate n(r).
-1
Let b(l) be the third derivative of l**4/24 - l**3/2 + 8*l**2. What is b(3)?
0
Let q(h) = -h + 0*h - h. Let w be q(-1). Let y(a) be the third derivative of -a**6/60 + a**5/30 + a**3/3 + 2*a**2. Determine y(w).
-6
Let a(c) = c**3 + 4*c**2 + c + 2. Let d be -1 + 37 + (-2)/2. Suppose 2*n - p = 15, 0 = -3*n + 6*n - 4*p - d. Suppose -n + 1 = m. What is a(m)?
-2
Let d be (-2)/2 - 3/1. Let c = -1 - d. Let g(z) = -c*z + 6*z - z + 1. What is g(-2)?
-3
Let h = -16 - -16. Suppose -4*b - 12 = 0, h = 4*t - 0*t + b + 27. Let l(o) = o**3 + 6*o**2 + 2*o + 2. Calculate l(t).
-10
Suppose -3*m = -m - 4. Let r(h) be the third derivative of 1/24*h**4 - 3*h**m + 0*h**3 + 0*h + 0. What is r(3)?
3
Suppose 4*b - a = -1 - 22, 0 = -5*b + 2*a - 25. Let j(l) = -l**2 - 6*l + 5. Determine j(b).
-2
Let b be 2 + -1*(0 + 5). Let o(v) = -v + 7. Let l be o(6). Let r(h) = h. Let y(t) = -5*t + 5. Let i(w) = l*y(w) + 6*r(w). Determine i(b).
2
Let b(u) = u**3 - 5*u**2 + u + 3. Let y be (5 + 2)*16/28. Give b(y).
-9
Let u(n) = -4*n**2 + 11*n - 1. Let g(o) = -o**2 + 3*o. Let d(z) = -9*g(z) + 2*u(z). Give d(6).
4
Let r(t) = -15*t - 2 + 0 + 6*t. Let o(u) = 280*u + 63. Let y(g) = -2*o(g) - 63*r(g). Let n(j) = -4*j + 35. Let k be n(9). Determine y(k).
-7
Let z(u) = 4*u**3 + u. Suppose 0 = y - 0*s + 5*s - 11, 3*y + 7 = 5*s. Calculate z(y).
5
Suppose -1 - 4 = -x. Suppose -3*n = -15, -5*n = -x*l - 2 - 8. Let u(r) = r**2 - 3*r - 3. What is u(l)?
-3
Suppose -26*h = -20*h - 6. Let c(j) = -15*j. What is c(h)?
-15
Let r(x) be the third derivative of x**5/60 - x**4/24 - x**3/6 + 3*x**2. Let f be r(2). Suppose -3 = -s + f. Let l(k) = k**3 - 4*k**2 + 4*k - 5. Determine l(s).
11
Let t = -4 + 6. Let p(z) = -z + 1. Calculate p(t).
-1
Let f(x) = 7*x. Suppose 12 = -4*l + 16. What is f(l)?
7
Let m(i) = 0*i**2 + 8*i + 29 - 20 + i**3 + 7*i**2. Calculate m(-6).
-3
Let z(g) be the first derivative of g**6/180 + g**3 + 1. Let r(k) be the third derivative of z(k). What is r(1)?
2
Let c(l) = -l**2 + 2*l + 2. Let t(y) = -y**3 + 4*y**2 + 6*y + 1. Let a be t(5). Let d(o) = o**2 - 7*o + 7. Let j be d(a). Suppose -i + 3 = -j. Calculate c(i).
-6
Let c(h) = -3*h - 1. Let o(l) = 6*l + 18*l + 5 - 8*l. Let d be (-22)/(-3)*((-30)/(-4))/5. Let f(p) = d*c(p) + 2*o(p). Calculate f(-4).
3
Let n(l) = l**3 - 5*l**2 - 7*l + 2. Suppose 3*h = 22 - 4. Let w be n(h). Let v(p) = -p**3 - 4*p**2 + 3*p + 4. Determine v(w).
-8
Let k(a) be the second derivative of 3/2*a**2 - 1/120*a**6 + 0 + 1/6*a**4 - 2/3*a**3 - 1/15*a**5 + a. Let r(d) be the first derivative of k(d). Calculate r(-5).
1
Let z(m) = m**3 - m**2 - 4. Let f be z(0). Let h(d) be the first derivative of -1 + 2*d - 1/3*d**3 - 5/2*d**2. Give h(f).
6
Let t(k) = -5*k + 4. Let r be t(2). Let v(b) = b**3 + b**2 - 1. Let o(q) = 7*q**3 + 11*q**2 - 6*q - 10. Let a(l) = -o(l) + 6*v(l). What is a(r)?
4
Let q(m) = -3*m - 13. Let l(u) = 7*u + 27. Let t(b) = -4*l(b) - 9*q(b). Calculate t(7).
2
Suppose -5*l + 24 = -3*l. Let s = l - 26. Let v be 52/s - 6/21. Let y(x) = x**2 + 5*x - 2. Give y(v).
-6
Let m(d) = d**3 - 7*d**2 + 5*d + 4. Suppose 0 = 7*n - 3*n - 20. Calculate m(n).
-21
Let z(u) be the first derivative of u**3/3 + 2*u**2 - 4*u - 5. Calculate z(-4).
-4
Let m(s) = -s**2 + 6*s + 6. Let h(f) = -2*f**2 + 11*f + 11. Let d(k) = -6*h(k) + 11*m(k). Let n(c) = 3*c**2 - c + 9. Let t(p) = -2*d(p) + n(p). Determine t(0).
9
Let p(u) = -u**2 - 7*u. Suppose -3 = -5*a + 7. Suppose 4*q + 29 = -3*w - 1, 4*q + 28 = -a*w. What is p(q)?
6
Let p be (3/9)/(5/45). Let u(d) = -6*d - 8*d**2 + d**p - 3*d + 0*d**2 + 2*d**2. Calculate u(7).
-14
Let r(m) = -m**3 + m**2 - m + 5. Suppose -2*z + 5*z = -3*f + 12, -3*z = -3*f + 12. Suppose b - 4*i - f = 0, -2*i - 3 = -3*b + i. Let x = b + 0. Determine r(x).
5
Let n(a) = a**3 - 6*a**2 - 7*a + 3. Let b(r) = r**2 - 2*r + 4. Let m be b(3). Let j be n(m). Let c(q) = q**3 - 4*q**2 + 3*q + 3. Determine c(j).
3
Let w(z) be the first derivative of -z**3/3 - 13*z**2/2 - 16*z - 2. Calculate w(-11).
6
Let r = -95 - -97. Let v(x) = x - 1. What is v(r)?
1
Let k be 68/(-14) + 7/(-49) + 2. Let j(d) be the second derivative of d**5/20 + d**4/6 - d**3/2 + d**2/2 - d. Calculate j(k).
1
Suppose 5*t + 15 = 2*t, 2*s - 4*t = 20. Suppose s = 4*y - 2*y + 6. Let w(r) = 17*r + r**2 - 7*r + 3 - 5*r - 3*r. Determine w(y).
6
Let z(x) be the third derivative of x**5/24 - x**4/24 - x**3/6 - x**2. Let f(y) be the first derivative of z(y). What is f(-1)?
-6
Let f(x) be the first derivative of x**2/2 + 5*x - 6. Determine f(0).
5
Let z(g) be the third derivative of g**4/24 + g**3/6 + 5*g**2. Let f(k) = -k - 2. Let t(x) = 2*f(x) + 3*z(x). Determine t(-6).
-7
Let m = -8 - -6. Let i be (-1 - (-1)/1)/m. Let j(w) = 2*w - w - 2 - 2*w. Determine j(i).
-2
Let c(v) = -3*v + 33. Let i be c(10). Let b(u) be the first derivative of 3*u**2 - 2 - 7*u - 1/4*u**4 + 4/3*u**i. What is b(5)?
-2
Suppose 5*p + 4*x - 28 = 0, -p - 3*x - 4 = -3. Let i(o) = -4*o + p - 9 + 9*o. Give i(2).
9
Let l(u) = u**3 - 9*u**2 - 12 + 9*u + 2*u - 2*u**2. Let b be l(10). Let v(c) = -c**2 + 2*c - 1. Determine v(b).
-9
Let f(k) = -7*k**2 + 3*k - 5. Let j(d) = 10*d**2 - 4*d + 7. Let w(h) = 7*f(h) + 5*j(h). What is w(-1)?
0
Let h(m) = -8*m + 22*m - 6*m - 2 - 9*m. Give h(4).
-6
Let s(i) = -i**3 + i + 1. Let a be s(0). Let z(g) = -9*g**2. Give z(a).
-9
Let q(m) = -m**2 - 10*m - 10. Let a be 5*(-3 - -2) - 3. Determine q(a).
6
Suppose -6*v - 2*v = 32. Suppose 2*m - 2*s + 3*s = 8, 4 = 2*m - s. Let d(a) = 6 + m*a + 4*a - 5*a. Give d(v).
-2
Let s(k) be the third derivative of -k**5/60 + k**4/4 - k**3/2 - k**2. Suppose 2*f + 5 = 3*f. Suppose -f*z - l + 19 = -z, -4*l - 8 = -5*z. Determine s(z).
5
Let l be (2/8)/(2/(-8)). Let u(c) = 5*c - 1. What is u(l)?
-6
Let k(z) be the third derivative of z**4/24 - z**3 + 2*z**2. Let t(j) = 3*j**2 + j + 2 + j**2 + 0*j - 3. Let a be t(1). Determine k(a).
-2
Let j(z) = -z**3 - z**2 - z. Let d(t) = 6*t**3 + t**2 + 7. Let a(g) = -d(g) - 5*j(g). Let f = 2 + 0. Suppose -2*h + 20 = f*h. Calculate a(h).
-7
Let y = -24 + 46. Let q = 21 - y. Let d(k) = -4*k**2 + k + 1. Give d(q).
-4
Let h(a) = 10 - 3 - 6 - 2*a. Give h(-2).
5
Let n(b) be the third derivative of b**5/120 - b**4/12 - b**3/3 - b**2. Let c(y) be the first derivative of n(y). Suppose -t = -5*t. Determine c(t).
-2
Let t(p) = p**2 + 5